hundreds digit of 54160775?
7
What is the units digit of 7710473890?
0
What is the ten millions digit of 161701078?
6
What is the hundreds digit of 2202937746?
7
What is the millions digit of 31399021?
1
What is the hundreds digit of 61431060?
0
What is the hundreds digit of 4960440684?
6
What is the ten millions digit of 7488597321?
8
What is the hundred thousands digit of 142891040?
8
What is the tens digit of 68839341?
4
What is the billions digit of 6626998735?
6
What is the tens digit of 1573602915?
1
What is the millions digit of 946443406?
6
What is the hundred thousands digit of 69693293?
6
What is the ten millions digit of 158709412?
5
What is the units digit of 97073254?
4
What is the units digit of 8663494?
4
What is the units digit of 765485054?
4
What is the billions digit of 5452269707?
5
What is the units digit of 39903305?
5
What is the hundreds digit of 184295412?
4
What is the hundred millions digit of 1348518266?
3
What is the hundred millions digit of 188424851?
1
What is the units digit of 37235388?
8
What is the thousands digit of 226569568?
9
What is the thousands digit of 323814037?
4
What is the ten thousands digit of 10533898?
3
What is the thousands digit of 4575467776?
7
What is the hundreds digit of 734104838?
8
What is the hundreds digit of 436646849?
8
What is the units digit of 47968484?
4
What is the thousands digit of 18662504?
2
What is the hundreds digit of 63350686?
6
What is the hundred thousands digit of 21637925?
6
What is the thousands digit of 66246985?
6
What is the thousands digit of 829356426?
6
What is the ten millions digit of 40113349?
4
What is the tens digit of 87893125?
2
What is the hundred thousands digit of 77403944?
4
What is the tens digit of 735042968?
6
What is the millions digit of 366884470?
6
What is the millions digit of 1059769379?
9
What is the thousands digit of 109231889?
1
What is the ten thousands digit of 84536417?
3
What is the hundreds digit of 7079179?
1
What is the hundreds digit of 231589294?
2
What is the hundred millions digit of 3553287585?
5
What is the hundreds digit of 1898968169?
1
What is the hundred thousands digit of 7466466532?
4
What is the hundreds digit of 11121557?
5
What is the hundred thousands digit of 37184725?
1
What is the hundreds digit of 56700961?
9
What is the millions digit of 2005016094?
5
What is the ten millions digit of 181706655?
8
What is the ten thousands digit of 124342808?
4
What is the tens digit of 324391938?
3
What is the hundred millions digit of 989259336?
9
What is the tens digit of 1055907496?
9
What is the thousands digit of 97339774?
9
What is the hundreds digit of 54813077?
0
What is the hundreds digit of 13218817?
8
What is the units digit of 63481811?
1
What is the billions digit of 1337822899?
1
What is the hundred thousands digit of 146170217?
1
What is the ten millions digit of 30849117?
3
What is the ten millions digit of 137868944?
3
What is the hundred millions digit of 104423468?
1
What is the units digit of 65583844?
4
What is the hundred millions digit of 683512252?
6
What is the thousands digit of 1302398418?
8
What is the hundred thousands digit of 5225120?
2
What is the units digit of 20803944?
4
What is the ten thousands digit of 39294795?
9
What is the units digit of 79793549?
9
What is the hundreds digit of 121624155?
1
What is the millions digit of 1913920078?
3
What is the ten thousands digit of 17823405?
2
What is the thousands digit of 78736909?
6
What is the ten thousands digit of 160372961?
7
What is the millions digit of 68566133?
8
What is the ten millions digit of 2440920025?
4
What is the units digit of 270331254?
4
What is the hundreds digit of 848313408?
4
What is the millions digit of 220263084?
0
What is the tens digit of 23410496?
9
What is the millions digit of 21206768?
1
What is the tens digit of 1729822?
2
What is the tens digit of 1489411725?
2
What is the units digit of 114089449?
9
What is the ten millions digit of 357571482?
5
What is the hundreds digit of 745074076?
0
What is the hundreds digit of 2656405584?
5
What is the hundred thousands digit of 6053156?
0
What is the hundred thousands digit of 2208824952?
8
What is the hundred thousands digit of 1576489?
5
What is the ten millions digit of 4144441541?
4
What is the thousands digit of 128632132?
2
What is the ten millions digit of 70920765?
7
What is the millions digit of 70124933?
0
What is the billions digit of 5348831364?
5
What is the units digit of 436265727?
7
What is the hundreds digit of 363820333?
3
What is the hundred millions digit of 221166368?
2
What is the tens digit of 15336238?
3
What is the millions digit of 22877527?
2
What is the ten thousands digit of 78045209?
4
What is the hundred millions digit of 669592833?
6
What is the ten thousands digit of 36668654?
6
What is the millions digit of 16212853?
6
What is the ten thousands digit of 264468236?
6
What is the billions digit of 1543444006?
1
What is the millions digit of 2928837790?
8
What is the ten millions digit of 158989358?
5
What is the hundreds digit of 124823523?
5
What is the hundreds digit of 225672337?
3
What is the thousands digit of 7205371?
5
What is the millions digit of 36813463?
6
What is the millions digit of 51734371?
1
What is the hundreds digit of 1337108147?
1
What is the millions digit of 45869992?
5
What is the tens digit of 307561064?
6
What is the hundreds digit of 8236344035?
0
What is the ten thousands digit of 105640823?
4
What is the ten thousands digit of 10606505?
0
What is the ten thousands digit of 41490646?
9
What is the hundred thousands digit of 2948722?
9
What is the ten millions digit of 371152716?
7
What is the tens digit of 53227413?
1
What is the hundreds digit of 816523525?
5
What is the tens digit of 13360393?
9
What is the ten thousands digit of 1374075512?
7
What is the millions digit of 1111615037?
1
What is the tens digit of 679166272?
7
What is the hundred thousands digit of 167176728?
1
What is the hundreds digit of 1488932190?
1
What is the hundreds digit of 470112260?
2
What is the millions digit of 7864412?
7
What is the thousands digit of 632873717?
3
What is the hundred millions digit of 153019984?
1
What is the hundred millions digit of 3499656851?
4
What is the hundred millions digit of 378011412?
3
What is the thousands digit of 1799397749?
7
What is the hundreds digit of 70468799?
7
What is the tens digit of 1669617507?
0
What is the millions digit of 1853390992?
3
What is the tens digit of 89974982?
8
What is the hundreds digit of 10365900?
9
What is the millions digit of 54491119?
4
What is the billions digit of 3011522484?
3
What is the ten millions digit of 171986073?
7
What is the units digit of 358306185?
5
What is the thousands digit of 1283698377?
8
What is the millions digit of 4709005832?
9
What is the units digit of 1068062625?
5
What is the millions digit of 387084919?
7
What is the hundreds digit of 335172131?
1
What is the millions digit of 3082038343?
2
What is the tens digit of 2134146993?
9
What is the ten thousands digit of 340555515?
5
What is the hundred thousands digit of 44964222?
9
What is the ten millions digit of 20850081?
2
What is the millions digit of 987683430?
7
What is the ten thousands digit of 213896992?
9
What is the tens digit of 84378181?
8
What is the thousands digit of 72239497?
9
What is the units digit of 327409314?
4
What is the units digit of 78632746?
6
What is the tens digit of 2830258840?
4
What is the thousands digit of 3934444568?
4
What is the ten millions digit of 3265606783?
6
What is the thousands digit of 63980898?
0
What is the units digit of 977051326?
6
What is the ten thousands digit of 697099176?
9
What is the millions digit of 227125332?
7
What is the hundreds digit of 575232233?
2
What is the ten thousands digit of 11238411?
3
What is the hundred millions digit of 526887816?
5
What is the hundred thousands digit of 278448979?
4
What is the hundred millions digit of 3613711769?
6
What is the units digit of 104025232?
2
What is the hundred thousands digit of 736251543?
2
What is the millions digit of 220758718?
0
What is the millions digit of 474243649?
4
What is the hundreds digit of 1562670660?
6
What is the tens digit of 10486433?
3
What is t